{"id":5925,"date":"2024-04-12T08:49:48","date_gmt":"2024-04-12T06:49:48","guid":{"rendered":"https:\/\/www.vnu-ev.de\/en\/?page_id=5925"},"modified":"2025-07-15T06:09:03","modified_gmt":"2025-07-15T04:09:03","slug":"stellenausschreibung-geschaeftsstelle","status":"publish","type":"page","link":"https:\/\/www.vnu-ev.de\/en\/stellenausschreibung-geschaeftsstelle","title":{"rendered":"Job Offers"},"content":{"rendered":"<h2 style=\"text-align: left;\">Assistenz der VNU-Gesch\u00e4ftsstelle (m\/w\/d)<\/h2>\n<p style=\"text-align: left;\"><img loading=\"lazy\" decoding=\"async\" class=\"alignleft size-full wp-image-7381\" src=\"https:\/\/www.vnu-ev.de\/wp-content\/uploads\/2023\/03\/SDG-icon-DE-05.svg_.png\" alt=\"\" width=\"80\" height=\"80\" \/> <img loading=\"lazy\" decoding=\"async\" class=\"alignleft size-full wp-image-7384\" src=\"https:\/\/www.vnu-ev.de\/wp-content\/uploads\/2023\/03\/SDG-icon-DE-08.svg_.png\" alt=\"\" width=\"80\" height=\"80\" \/> <img loading=\"lazy\" decoding=\"async\" class=\"size-full wp-image-7393 alignnone\" src=\"https:\/\/www.vnu-ev.de\/wp-content\/uploads\/2023\/03\/SDG-icon-DE-17.svg_.png\" alt=\"\" width=\"80\" height=\"80\" \/><\/p>\n<p style=\"text-align: left;\">Ab sofort suchen wir weitere Unterst\u00fctzung f\u00fcr unsere Gesch\u00e4ftsstelle in Form eines Mini-Jobs (ab 4 h\/Woche bzw. bis 520 EUR\/Monat).<\/p>\n<h3 style=\"text-align: left;\">\u2026 ein Verband mit Potenzial<\/h3>\n<p style=\"text-align: left;\">Seit rund 25 Jahren f\u00fchrt ein gew\u00e4hlter, ehrenamtlicher Vorstand den Verband f\u00fcr Nachhaltigkeits- und Umweltmanagement e. V. und bietet sein Netzwerk, aktive Gremienarbeit und verschiedene Fach-\/Veranstaltungen von Mitgliedern f\u00fcr Mitglieder an. Ziel ist die Gestaltung und pragmatische Umsetzung von Nachhaltigkeits- \/ Umweltthemen durch und in Managementsystemen von Institutionen.<\/p>\n<h3 style=\"text-align: left;\">\u2026 und Personalbedarf<\/h3>\n<p style=\"text-align: left;\">Wir freuen uns \u00fcber die steigende Zahl an Mitgliedern, so dass auch unser Angebot w\u00e4chst. Beides f\u00fchrt zu mehr administrativem Aufwand, der mit der bisherigen Personalkapazit\u00e4t nicht mehr zu bew\u00e4ltigen ist.<\/p>\n<h3 style=\"text-align: left;\">... Sie k\u00f6nnen uns helfen<\/h3>\n<p style=\"text-align: left;\">Es gibt viele Aufgaben, beispielsweise in der Mitgliederverwaltung, der Organisation von Webinaren \/ Veranstaltungen, bei der Buchf\u00fchrung, mit unserem Newsletter oder auch in der Koordination mit den Leitungen der Ressorts und der EMAS Clubs Europes ist Ihre Hilfe willkommen Wenn Sie an weiteren Themen \/ Aufgaben interessiert sind, haben wir ein offenes Ohr und stimmen das T\u00e4tigkeitsprofil zwischen unserem Bedarf, Ihren F\u00e4higkeiten und den verf\u00fcgbaren Ressourcen gerne ab.<\/p>\n<h3 style=\"text-align: left;\">\u2026 was erwartet Sie<\/h3>\n<p style=\"text-align: left;\">In einem ersten (virtuellen) Gespr\u00e4ch lernen Sie uns kennen \u2013 das sind die aktuellen Personen in der Gesch\u00e4ftsstelle sowie Vorstandsmitglieder. Wir schildern, welche T\u00e4tigkeiten auf Sie zukommen k\u00f6nnen und werden im Gespr\u00e4ch testen, wie das Miteinander sich auf beiden Seiten anf\u00fchlt.<\/p>\n<p style=\"text-align: left;\">Unser Arbeitsstil ist zielorientiert, kollegial und vertrauensvoll. Wir kommunizieren in allen Ebenen auf Augenh\u00f6he. Dabei sind uns eine unkomplizierte Zusammenarbeit, Zuverl\u00e4ssigkeit und Teamgeist wichtig.<\/p>\n<h3 style=\"text-align: left;\">\u2026 was bringen Sie mit<\/h3>\n<p style=\"text-align: left;\">Haben Sie bereits Erfahrungen bei der Organisation von Veranstaltungen? Sie haben gute IT-Anwenderkenntnisse (MS-Office, SharePoint, Web-Meetings) und k\u00f6nnen in deutscher Sprache (Wort und Schrift) sachlich, ansprechend und freundlich kommunizieren? Sie m\u00f6chten beispielsweise nach einer Elternzeit flexibel wieder in das Berufsleben zur\u00fcckkehren? Prima, genau Sie suchen wir.<\/p>\n<p style=\"text-align: left;\">Wir freuen uns auf Ihre Bewerbung, die Sie bitte mit den \u00fcblichen Unterlagen per E-Mail an <a href=\"mailto:B.Heimer@vnu-ev.de\">B.Heimer@vnu-ev.de<\/a> oder per Post einsenden:<\/p>\n<p style=\"text-align: left;\">Gesch\u00e4ftsstelle des VNU e. V.<br \/>\nAm Hangelstein 8<br \/>\n65812 Bad Soden a. Ts.<\/p>\n","protected":false},"excerpt":{"rendered":"<p>Assistenz der VNU-Gesch\u00e4ftsstelle (m\/w\/d) Ab sofort suchen wir weitere Unterst\u00fctzung f\u00fcr unsere Gesch\u00e4ftsstelle in Form&#8230; <a class=\"read-more\" href=\"https:\/\/www.vnu-ev.de\/en\/stellenausschreibung-geschaeftsstelle\">More<\/a><\/p>\n","protected":false},"author":3,"featured_media":0,"parent":0,"menu_order":0,"comment_status":"closed","ping_status":"closed","template":"","meta":{"_acf_changed":false,"footnotes":""},"class_list":["post-5925","page","type-page","status-publish","hentry"],"acf":[],"_links":{"self":[{"href":"https:\/\/www.vnu-ev.de\/en\/wp-json\/wp\/v2\/pages\/5925","targetHints":{"allow":["GET"]}}],"collection":[{"href":"https:\/\/www.vnu-ev.de\/en\/wp-json\/wp\/v2\/pages"}],"about":[{"href":"https:\/\/www.vnu-ev.de\/en\/wp-json\/wp\/v2\/types\/page"}],"author":[{"embeddable":true,"href":"https:\/\/www.vnu-ev.de\/en\/wp-json\/wp\/v2\/users\/3"}],"replies":[{"embeddable":true,"href":"https:\/\/www.vnu-ev.de\/en\/wp-json\/wp\/v2\/comments?post=5925"}],"version-history":[{"count":2,"href":"https:\/\/www.vnu-ev.de\/en\/wp-json\/wp\/v2\/pages\/5925\/revisions"}],"predecessor-version":[{"id":6188,"href":"https:\/\/www.vnu-ev.de\/en\/wp-json\/wp\/v2\/pages\/5925\/revisions\/6188"}],"wp:attachment":[{"href":"https:\/\/www.vnu-ev.de\/en\/wp-json\/wp\/v2\/media?parent=5925"}],"curies":[{"name":"wp","href":"https:\/\/api.w.org\/{rel}","templated":true}]}}

<h2 style="text-align: left;">Assistenz der VNU-Geschäftsstelle (m/w/d)</h2>
<p style="text-align: left;"><img loading="lazy" decoding="async" class="alignleft size-full wp-image-7381" src="https://www.vnu-ev.de/wp-content/uploads/2023/03/SDG-icon-DE-05.svg_.png" alt="" width="80" height="80" /> <img loading="lazy" decoding="async" class="alignleft size-full wp-image-7384" src="https://www.vnu-ev.de/wp-content/uploads/2023/03/SDG-icon-DE-08.svg_.png" alt="" width="80" height="80" /> <img loading="lazy" decoding="async" class="size-full wp-image-7393 alignnone" src="https://www.vnu-ev.de/wp-content/uploads/2023/03/SDG-icon-DE-17.svg_.png" alt="" width="80" height="80" /></p>
<p style="text-align: left;">Ab sofort suchen wir weitere Unterstützung für unsere Geschäftsstelle in Form eines Mini-Jobs (ab 4 h/Woche bzw. bis 520 EUR/Monat).</p>
<h3 style="text-align: left;">… ein Verband mit Potenzial</h3>
<p style="text-align: left;">Seit rund 25 Jahren führt ein gewählter, ehrenamtlicher Vorstand den Verband für Nachhaltigkeits- und Umweltmanagement e. V. und bietet sein Netzwerk, aktive Gremienarbeit und verschiedene Fach-/Veranstaltungen von Mitgliedern für Mitglieder an. Ziel ist die Gestaltung und pragmatische Umsetzung von Nachhaltigkeits- / Umweltthemen durch und in Managementsystemen von Institutionen.</p>
<h3 style="text-align: left;">… und Personalbedarf</h3>
<p style="text-align: left;">Wir freuen uns über die steigende Zahl an Mitgliedern, so dass auch unser Angebot wächst. Beides führt zu mehr administrativem Aufwand, der mit der bisherigen Personalkapazität nicht mehr zu bewältigen ist.</p>
<h3 style="text-align: left;">... Sie können uns helfen</h3>
<p style="text-align: left;">Es gibt viele Aufgaben, beispielsweise in der Mitgliederverwaltung, der Organisation von Webinaren / Veranstaltungen, bei der Buchführung, mit unserem Newsletter oder auch in der Koordination mit den Leitungen der Ressorts und der EMAS Clubs Europes ist Ihre Hilfe willkommen Wenn Sie an weiteren Themen / Aufgaben interessiert sind, haben wir ein offenes Ohr und stimmen das Tätigkeitsprofil zwischen unserem Bedarf, Ihren Fähigkeiten und den verfügbaren Ressourcen gerne ab.</p>
<h3 style="text-align: left;">… was erwartet Sie</h3>
<p style="text-align: left;">In einem ersten (virtuellen) Gespräch lernen Sie uns kennen – das sind die aktuellen Personen in der Geschäftsstelle sowie Vorstandsmitglieder. Wir schildern, welche Tätigkeiten auf Sie zukommen können und werden im Gespräch testen, wie das Miteinander sich auf beiden Seiten anfühlt.</p>
<p style="text-align: left;">Unser Arbeitsstil ist zielorientiert, kollegial und vertrauensvoll. Wir kommunizieren in allen Ebenen auf Augenhöhe. Dabei sind uns eine unkomplizierte Zusammenarbeit, Zuverlässigkeit und Teamgeist wichtig.</p>
<h3 style="text-align: left;">… was bringen Sie mit</h3>
<p style="text-align: left;">Haben Sie bereits Erfahrungen bei der Organisation von Veranstaltungen? Sie haben gute IT-Anwenderkenntnisse (MS-Office, SharePoint, Web-Meetings) und können in deutscher Sprache (Wort und Schrift) sachlich, ansprechend und freundlich kommunizieren? Sie möchten beispielsweise nach einer Elternzeit flexibel wieder in das Berufsleben zurückkehren? Prima, genau Sie suchen wir.</p>
<p style="text-align: left;">Wir freuen uns auf Ihre Bewerbung, die Sie bitte mit den üblichen Unterlagen per E-Mail an <a href="mailto:B.Heimer@vnu-ev.de">B.Heimer@vnu-ev.de</a> oder per Post einsenden:</p>
<p style="text-align: left;">Geschäftsstelle des VNU e. V.<br />
Am Hangelstein 8<br />
65812 Bad Soden a. Ts.</p>

<p>Assistenz der VNU-Geschäftsstelle (m/w/d) Ab sofort suchen wir weitere Unterstützung für unsere Geschäftsstelle in Form&#8230; <a class="read-more" href="https://www.vnu-ev.de/en/stellenausschreibung-geschaeftsstelle">More</a></p>
