{"id":5930,"date":"2024-04-21T22:37:27","date_gmt":"2024-04-21T20:37:27","guid":{"rendered":"https:\/\/www.vnu-ev.de\/en\/?page_id=5930"},"modified":"2025-11-10T21:28:24","modified_gmt":"2025-11-10T20:28:24","slug":"stellungnahmen","status":"publish","type":"page","link":"https:\/\/www.vnu-ev.de\/en\/stellungnahmen","title":{"rendered":"Stellungnahmen"},"content":{"rendered":"<h2 style=\"text-align: left;\">Beitr\u00e4ge des VNU zu aktuellen Themen, Verfahren und Grundsatzfragen<\/h2>\n<p style=\"text-align: left;\">Der Verband f\u00fcr Nachhaltigkeits- und Umweltmanagement (VNU) bringt sich mit Stellungnahmen, Beteiligungen und eigenen Positionspapieren in aktuelle Fach- und Gesetzgebungsprozesse ein.<br \/>\nUnsere Mitglieder \u2013 Fachleute aus Umwelt-, Nachhaltigkeits- und Klimamanagement, aus Unternehmen, Beratung, Wissenschaft und Begutachtung \u2013 engagieren sich gemeinsam f\u00fcr eine praxisnahe Weiterentwicklung von Umwelt- und Nachhaltigkeitsthemen in Wirtschaft, Politik und Gesellschaft.<\/p>\n<hr \/>\n<h3 style=\"text-align: left;\"><img loading=\"lazy\" decoding=\"async\" class=\"alignnone wp-image-2338\" src=\"https:\/\/www.vnu-ev.de\/wp-content\/uploads\/2017\/06\/VNU_Logo_96_quer-150x150.gif\" alt=\"\" width=\"105\" height=\"105\" srcset=\"https:\/\/www.vnu-ev.de\/en\/wp-content\/uploads\/2017\/06\/VNU_Logo_96_quer-150x150.gif 150w, https:\/\/www.vnu-ev.de\/en\/wp-content\/uploads\/2017\/06\/VNU_Logo_96_quer-300x300.gif 300w, https:\/\/www.vnu-ev.de\/en\/wp-content\/uploads\/2017\/06\/VNU_Logo_96_quer-500x500.gif 500w, https:\/\/www.vnu-ev.de\/en\/wp-content\/uploads\/2017\/06\/VNU_Logo_96_quer-400x400.gif 400w\" sizes=\"auto, (max-width: 105px) 100vw, 105px\" \/><\/h3>\n<h3 style=\"text-align: left;\">10\/2025 \u2013 Grundsatzpapier des VNU zu EMAS<\/h3>\n<p style=\"text-align: left;\">Mit dem Grundsatzpapier zu EMAS legt der VNU seine Position zur Weiterentwicklung und St\u00e4rkung des Umweltmanagementsystems der Europ\u00e4ischen Union dar. EMAS (Eco-Management and Audit Scheme) ist ein bew\u00e4hrtes und anspruchsvolles Instrument zur kontinuierlichen Verbesserung der Umweltleistung und zur F\u00f6rderung von Transparenz und Glaubw\u00fcrdigkeit in Organisationen.<\/p>\n<p style=\"text-align: left;\">Der VNU betont in seiner Grundsatzposition, dass EMAS einen hohen Beitrag zur Qualit\u00e4t und Glaubw\u00fcrdigkeit von Umwelt- und Nachhaltigkeitsleistungen leistet \u2013 sowohl in Unternehmen als auch in der \u00f6ffentlichen Verwaltung. Gleichzeitig zeigt der Verband auf, wo Anpassungen und Unterst\u00fctzung n\u00f6tig sind, um die Attraktivit\u00e4t und Wirksamkeit von EMAS weiter zu erh\u00f6hen.<\/p>\n<p style=\"text-align: left;\">Das Papier richtet sich an alle, die mit EMAS arbeiten \u2013 von Umweltgutachterinnen \u00fcber Beraterinnen bis hin zu EMAS-anwendenden Organisationen \u2013 und fasst Erfahrungen, Verbesserungsvorschl\u00e4ge und Positionen zusammen, die der VNU \u00fcber viele Jahre hinweg in verschiedenen Kontexten gesammelt hat.<\/p>\n<p style=\"text-align: left;\">VNU-Mitglieder sind herzlich eingeladen, das Grundsatzpapier zu kommentieren und ihre Anregungen einzubringen. Ziel ist es, das gemeinsame Verst\u00e4ndnis zu vertiefen und die Position des Verbands weiter zu sch\u00e4rfen. R\u00fcckmeldungen k\u00f6nnen gerne an die <a href=\"mailto: vnu@vnu-ev.de\">VNU-Gesch\u00e4ftsstelle<\/a> senden.<br \/>\n<a href=\"https:\/\/www.vnu-ev.de\/wp-content\/uploads\/2025\/11\/VNU-Grundsatzposition-EMAS_DE_2025-10.pdf\">EMAS-Grundsatzpapier des VNU<\/a><\/p>\n<hr \/>\n<h3 style=\"text-align: left;\"><img loading=\"lazy\" decoding=\"async\" class=\"wp-image-8224 alignnone\" src=\"https:\/\/www.vnu-ev.de\/wp-content\/uploads\/2024\/04\/BMJ-150x79.png\" alt=\"\" width=\"100\" height=\"53\" srcset=\"https:\/\/www.vnu-ev.de\/en\/wp-content\/uploads\/2024\/04\/BMJ-150x79.png 150w, https:\/\/www.vnu-ev.de\/en\/wp-content\/uploads\/2024\/04\/BMJ.png 160w\" sizes=\"auto, (max-width: 100px) 100vw, 100px\" \/><\/h3>\n<h3 style=\"text-align: left;\">04\/2024 - Umsetzung der EU-CSRD in nationales Recht<\/h3>\n<p style=\"text-align: left;\">Der VNU hat sich am 19.04.2024 beim BMJ mit einer eigenen Stellungnahme an der Anh\u00f6rung zur Umsetzung der CSRD in nationales Recht beteiligt. Dabei wurde erneut die Rolle der Umweltgutachter\/innen betont, die \u00fcber fundierte Kenntnisse und Pr\u00fcfungserfahrung in diesem Kontext verf\u00fcgen, aber bisher auf EU-Ebene nicht f\u00fcr die Pr\u00fcfung von CSRD-Berichten zugelassen sind.<\/p>\n<p style=\"text-align: left;\">Im Referentenentwurf der deutschen Umsetzung w\u00e4re dies \u00fcber das Mitgliedsstaatenwahlrecht m\u00f6glich gewesen, aber auch diese Option steht bisher nicht zur Diskussion. Dar\u00fcber hinaus wurde durch den VNU der Vorschlag eingebracht, die Zulassung der Umweltgutachter\/-innen auf eine ver\u00e4nderte rechtliche Basis zu stellen, um den Anforderungen der CSRD zu entsprechen. Wir danken den Mitgliedern des VNU f\u00fcr Ihre Anregungen und Kommentare.<\/p>\n<p style=\"text-align: left;\"><a href=\"https:\/\/www.vnu-ev.de\/wp-content\/uploads\/2024\/04\/VNU_Stellungnahme_CSRD_240419.pdf\">Link zur Stellungnahme<\/a><\/p>\n","protected":false},"excerpt":{"rendered":"<p>Beitr\u00e4ge des VNU zu aktuellen Themen, Verfahren und Grundsatzfragen Der Verband f\u00fcr Nachhaltigkeits- und Umweltmanagement&#8230; <a class=\"read-more\" href=\"https:\/\/www.vnu-ev.de\/en\/stellungnahmen\">More<\/a><\/p>\n","protected":false},"author":3,"featured_media":0,"parent":0,"menu_order":0,"comment_status":"closed","ping_status":"closed","template":"","meta":{"_acf_changed":false,"footnotes":""},"class_list":["post-5930","page","type-page","status-publish","hentry"],"acf":[],"_links":{"self":[{"href":"https:\/\/www.vnu-ev.de\/en\/wp-json\/wp\/v2\/pages\/5930","targetHints":{"allow":["GET"]}}],"collection":[{"href":"https:\/\/www.vnu-ev.de\/en\/wp-json\/wp\/v2\/pages"}],"about":[{"href":"https:\/\/www.vnu-ev.de\/en\/wp-json\/wp\/v2\/types\/page"}],"author":[{"embeddable":true,"href":"https:\/\/www.vnu-ev.de\/en\/wp-json\/wp\/v2\/users\/3"}],"replies":[{"embeddable":true,"href":"https:\/\/www.vnu-ev.de\/en\/wp-json\/wp\/v2\/comments?post=5930"}],"version-history":[{"count":3,"href":"https:\/\/www.vnu-ev.de\/en\/wp-json\/wp\/v2\/pages\/5930\/revisions"}],"predecessor-version":[{"id":6243,"href":"https:\/\/www.vnu-ev.de\/en\/wp-json\/wp\/v2\/pages\/5930\/revisions\/6243"}],"wp:attachment":[{"href":"https:\/\/www.vnu-ev.de\/en\/wp-json\/wp\/v2\/media?parent=5930"}],"curies":[{"name":"wp","href":"https:\/\/api.w.org\/{rel}","templated":true}]}}

<h2 style="text-align: left;">Beiträge des VNU zu aktuellen Themen, Verfahren und Grundsatzfragen</h2>
<p style="text-align: left;">Der Verband für Nachhaltigkeits- und Umweltmanagement (VNU) bringt sich mit Stellungnahmen, Beteiligungen und eigenen Positionspapieren in aktuelle Fach- und Gesetzgebungsprozesse ein.<br />
Unsere Mitglieder – Fachleute aus Umwelt-, Nachhaltigkeits- und Klimamanagement, aus Unternehmen, Beratung, Wissenschaft und Begutachtung – engagieren sich gemeinsam für eine praxisnahe Weiterentwicklung von Umwelt- und Nachhaltigkeitsthemen in Wirtschaft, Politik und Gesellschaft.</p>
<hr />
<h3 style="text-align: left;"><img loading="lazy" decoding="async" class="alignnone wp-image-2338" src="https://www.vnu-ev.de/wp-content/uploads/2017/06/VNU_Logo_96_quer-150x150.gif" alt="" width="105" height="105" srcset="https://www.vnu-ev.de/en/wp-content/uploads/2017/06/VNU_Logo_96_quer-150x150.gif 150w, https://www.vnu-ev.de/en/wp-content/uploads/2017/06/VNU_Logo_96_quer-300x300.gif 300w, https://www.vnu-ev.de/en/wp-content/uploads/2017/06/VNU_Logo_96_quer-500x500.gif 500w, https://www.vnu-ev.de/en/wp-content/uploads/2017/06/VNU_Logo_96_quer-400x400.gif 400w" sizes="auto, (max-width: 105px) 100vw, 105px" /></h3>
<h3 style="text-align: left;">10/2025 – Grundsatzpapier des VNU zu EMAS</h3>
<p style="text-align: left;">Mit dem Grundsatzpapier zu EMAS legt der VNU seine Position zur Weiterentwicklung und Stärkung des Umweltmanagementsystems der Europäischen Union dar. EMAS (Eco-Management and Audit Scheme) ist ein bewährtes und anspruchsvolles Instrument zur kontinuierlichen Verbesserung der Umweltleistung und zur Förderung von Transparenz und Glaubwürdigkeit in Organisationen.</p>
<p style="text-align: left;">Der VNU betont in seiner Grundsatzposition, dass EMAS einen hohen Beitrag zur Qualität und Glaubwürdigkeit von Umwelt- und Nachhaltigkeitsleistungen leistet – sowohl in Unternehmen als auch in der öffentlichen Verwaltung. Gleichzeitig zeigt der Verband auf, wo Anpassungen und Unterstützung nötig sind, um die Attraktivität und Wirksamkeit von EMAS weiter zu erhöhen.</p>
<p style="text-align: left;">Das Papier richtet sich an alle, die mit EMAS arbeiten – von Umweltgutachterinnen über Beraterinnen bis hin zu EMAS-anwendenden Organisationen – und fasst Erfahrungen, Verbesserungsvorschläge und Positionen zusammen, die der VNU über viele Jahre hinweg in verschiedenen Kontexten gesammelt hat.</p>
<p style="text-align: left;">VNU-Mitglieder sind herzlich eingeladen, das Grundsatzpapier zu kommentieren und ihre Anregungen einzubringen. Ziel ist es, das gemeinsame Verständnis zu vertiefen und die Position des Verbands weiter zu schärfen. Rückmeldungen können gerne an die <a href="mailto: vnu@vnu-ev.de">VNU-Geschäftsstelle</a> senden.<br />
<a href="https://www.vnu-ev.de/wp-content/uploads/2025/11/VNU-Grundsatzposition-EMAS_DE_2025-10.pdf">EMAS-Grundsatzpapier des VNU</a></p>
<hr />
<h3 style="text-align: left;"><img loading="lazy" decoding="async" class="wp-image-8224 alignnone" src="https://www.vnu-ev.de/wp-content/uploads/2024/04/BMJ-150x79.png" alt="" width="100" height="53" srcset="https://www.vnu-ev.de/en/wp-content/uploads/2024/04/BMJ-150x79.png 150w, https://www.vnu-ev.de/en/wp-content/uploads/2024/04/BMJ.png 160w" sizes="auto, (max-width: 100px) 100vw, 100px" /></h3>
<h3 style="text-align: left;">04/2024 - Umsetzung der EU-CSRD in nationales Recht</h3>
<p style="text-align: left;">Der VNU hat sich am 19.04.2024 beim BMJ mit einer eigenen Stellungnahme an der Anhörung zur Umsetzung der CSRD in nationales Recht beteiligt. Dabei wurde erneut die Rolle der Umweltgutachter/innen betont, die über fundierte Kenntnisse und Prüfungserfahrung in diesem Kontext verfügen, aber bisher auf EU-Ebene nicht für die Prüfung von CSRD-Berichten zugelassen sind.</p>
<p style="text-align: left;">Im Referentenentwurf der deutschen Umsetzung wäre dies über das Mitgliedsstaatenwahlrecht möglich gewesen, aber auch diese Option steht bisher nicht zur Diskussion. Darüber hinaus wurde durch den VNU der Vorschlag eingebracht, die Zulassung der Umweltgutachter/-innen auf eine veränderte rechtliche Basis zu stellen, um den Anforderungen der CSRD zu entsprechen. Wir danken den Mitgliedern des VNU für Ihre Anregungen und Kommentare.</p>
<p style="text-align: left;"><a href="https://www.vnu-ev.de/wp-content/uploads/2024/04/VNU_Stellungnahme_CSRD_240419.pdf">Link zur Stellungnahme</a></p>

<p>Beiträge des VNU zu aktuellen Themen, Verfahren und Grundsatzfragen Der Verband für Nachhaltigkeits- und Umweltmanagement&#8230; <a class="read-more" href="https://www.vnu-ev.de/en/stellungnahmen">More</a></p>
